{"id":477,"date":"2021-01-28T04:20:29","date_gmt":"2021-01-28T04:20:29","guid":{"rendered":"https:\/\/www.canadaedulatino.com\/site\/?page_id=477"},"modified":"2021-01-28T04:34:51","modified_gmt":"2021-01-28T04:34:51","slug":"cours-de-langues-au-canada","status":"publish","type":"page","link":"https:\/\/www.canadaedulatino.com\/site\/fr\/cours-de-langues-au-canada\/","title":{"rendered":"Cours de langues au Canada"},"content":{"rendered":"<p>Rejoignez notre acad\u00e9mie de langues partenaire ILSC et choisissez parmi la large s\u00e9lection de programmes linguistiques que nous avons pour vous. Que ce soit en anglais ou en fran\u00e7ais, nous avons le bon choix pour vos besoins.<\/p>\n<h2>Explorez ce que nous avons \u00e0 offrir :<\/h2>\n<div class=\"services-wrapper services-fullbox cols-wrapper cols-3\" style=\"background-color:#252525;color:#ffffff;\"><div class=\"services-box col\"><div class=\"img-container\"><img src=\"https:\/\/www.canadaedulatino.com\/site\/wp-content\/uploads\/2021\/01\/gen-english-618x411.jpg\" alt=\"Cours de langue g\u00e9n\u00e9rale (anglais ou fran\u00e7ais).\"\/><\/div><div class=\"services-content\"><div class=\"sc-wraper\"><h3>Cours de langue g\u00e9n\u00e9rale (anglais ou fran\u00e7ais).<\/h3><p>Commencez \u00e0 construire vos bases linguistiques, ou \u00e9largissez les comp\u00e9tences que vous avez d\u00e9j\u00e0 avec la communication en anglais ou en fran\u00e7ais.<\/p><\/div><\/div><\/div><div class=\"services-box col\"><div class=\"img-container\"><img src=\"https:\/\/www.canadaedulatino.com\/site\/wp-content\/uploads\/2021\/01\/academic-618x411.jpg\" alt=\"Parcours universitaire\"\/><\/div><div class=\"services-content\"><div class=\"sc-wraper\"><h3>Parcours universitaire<\/h3><p>L'ach\u00e8vement du parcours universitaire de l'ILSC permet de remplir les conditions d'admission \u00e0 la plupart des programmes dans plus de 150 universit\u00e9s, coll\u00e8ges et TAFE en Australie, au Canada et aux \u00c9tats-Unis, sans qu'il soit n\u00e9cessaire de passer le TOEFL, l'IELTS ou le DELF ! Pr\u00e9parez-vous \u00e0 r\u00e9ussir dans un programme postsecondaire en anglais avec l'ILSC.<\/p><\/div><\/div><\/div><div class=\"services-box col nomargin\"><div class=\"img-container\"><img src=\"https:\/\/www.canadaedulatino.com\/site\/wp-content\/uploads\/2021\/01\/pexels-amina-filkins-5409680-618x411.jpg\" alt=\"Cr\u00e9atif et culturel\"\/><\/div><div class=\"services-content\"><div class=\"sc-wraper\"><h3>Cr\u00e9atif et culturel<\/h3><p>Apprenez l'anglais ou le fran\u00e7ais gr\u00e2ce \u00e0 des sujets cr\u00e9atifs et culturels qui suscitent vos passions et vos int\u00e9r\u00eats personnels. Choisissez parmi une vari\u00e9t\u00e9 de cours uniques et attrayants pour d\u00e9velopper vos capacit\u00e9s de communication. Des cours comme English through the City, Film, Art, Photographie, Alimentation et bien d'autres vous aideront \u00e0 vous plonger plus profond\u00e9ment dans la culture locale ou \u00e0 explorer des sujets cr\u00e9atifs qui vous int\u00e9ressent personnellement. Construisez un programme d'\u00e9tude flexible avec ces classes dynamiques qui vous permettront d'\u00e9largir vos connaissances et vos comp\u00e9tences linguistiques.<\/p><\/div><\/div><\/div><div class=\"services-box col\"><div class=\"img-container\"><img src=\"https:\/\/www.canadaedulatino.com\/site\/wp-content\/uploads\/2021\/01\/ielts-618x411.jpg\" alt=\"Pr\u00e9paration aux \u00e9tudes et aux tests\"\/><\/div><div class=\"services-content\"><div class=\"sc-wraper\"><h3>Pr\u00e9paration aux \u00e9tudes et aux tests<\/h3><p>Se concentrer sur les comp\u00e9tences linguistiques sp\u00e9cifiques n\u00e9cessaires pour r\u00e9ussir les tests d'\u00e9valuation linguistique communs ou dans l'enseignement sup\u00e9rieur. Pr\u00e9parez-vous \u00e0 des tests comme : IELTS, TOEFL, Cambridge, TOEIC, DELF TEF et TEFaQ<\/p><\/div><\/div><\/div><div class=\"services-box col\"><div class=\"img-container\"><img src=\"https:\/\/www.canadaedulatino.com\/site\/wp-content\/uploads\/2021\/01\/business-lang-618x411.jpg\" alt=\"Comp\u00e9tences commerciales et ex\u00e9cutives\"\/><\/div><div class=\"services-content\"><div class=\"sc-wraper\"><h3>Comp\u00e9tences commerciales et ex\u00e9cutives<\/h3><p>Ciblez les comp\u00e9tences et le vocabulaire n\u00e9cessaires \u00e0 une communication commerciale efficace. Choisissez parmi une vari\u00e9t\u00e9 de cours uniques et attrayants pour d\u00e9velopper vos comp\u00e9tences en anglais des affaires ou apprendre \u00e0 communiquer efficacement dans un cadre professionnel francophone dans le cadre d'un programme court et intensif.<\/p><\/div><\/div><\/div><div class=\"services-box col nomargin\"><div class=\"img-container\"><img src=\"https:\/\/www.canadaedulatino.com\/site\/wp-content\/uploads\/2021\/01\/online-learning-618x411.jpg\" alt=\"Apprentissage en ligne\"\/><\/div><div class=\"services-content\"><div class=\"sc-wraper\"><h3>Apprentissage en ligne<\/h3><p>D\u00e9veloppez vos comp\u00e9tences linguistiques partout dans le monde gr\u00e2ce \u00e0 des cours en ligne interactifs dispens\u00e9s par des instructeurs exp\u00e9riment\u00e9s de l'ILSC qui adapteront le contenu des cours \u00e0 vos besoins et objectifs d'apprentissage<\/p><\/div><\/div><\/div><div class=\"clear\"><\/div><\/div>\n<div class=\"section-full-width section-light-bg\" style=\"background-color:#f7f7f7;\" id=\"lescalendriersd39\u00c9tudes\"><div class=\"section-boxed\" style=\"color:#373737;\"><h2 class=\"section-title\" style=\"color:#252525;\">LES CALENDRIERS D&#39;\u00c9TUDES<\/h2><p>Choisissez le programme d&#8217;\u00e9tudes qui correspond \u00e0 vos besoins et objectifs d&#8217;apprentissage. Plus vous prenez de le\u00e7ons chaque semaine, plus vos comp\u00e9tences progresseront rapidement.<\/p>\n<p><strong>CLASSES DE BASE:<\/strong>\u00a0Les cours de base fournissent une base solide et compl\u00e8te dans la mati\u00e8re enseign\u00e9e.<\/p>\n<p><strong>LES CLASSES DE COMP\u00c9TENCES:<\/strong>\u00a0Les classes de comp\u00e9tences s&#8217;appuient sur votre apprentissage de base et am\u00e9liorent vos comp\u00e9tences linguistiques gr\u00e2ce \u00e0 un contenu ax\u00e9 sur vos int\u00e9r\u00eats particuliers, vos points faibles ou pour vous aider \u00e0 atteindre des objectifs d&#8217;apprentissage sp\u00e9cifiques.<\/p>\n<p><strong>PROGRAMME:<\/strong> Un programme \u00e0 l&#8217;ILSC est un ensemble d&#8217;\u00e9tudes que vous construisez et qui r\u00e9pond \u00e0 vos int\u00e9r\u00eats et vous aide \u00e0 atteindre vos objectifs. Un programme peut \u00e9galement \u00eatre une s\u00e9lection de cours pr\u00e9\u00e9tablis cr\u00e9\u00e9s par l&#8217;ILSC.<\/p>\n<p>1 le\u00e7on = 50 minutes.<\/p>\n<h2>Options disponibles<\/h2>\n<div style=\"width: 550px:;\"><div class=\"accordion-container\"><br \/>\n<div class=\"accordion-title\">Programme intensif \u00e0 plein temps (30 le\u00e7ons \/ semaine)<span class=\"ac-indicator\"><\/span><\/div><div class=\"pane\"><strong>DU LUNDI AU VENDREDI : 8H30 &#8211; 11H15<\/strong>Choisissez une <strong>CLASSE DE BASE<\/strong><strong>DU LUNDI AU VENDREDI : 11H45 &#8211; 13H00<\/strong><\/p>\n<p>Choisissez une <strong>CLASSE DE COMP\u00c9TENCES<\/strong><\/p>\n<p><strong>DU LUNDI AU VENDREDI : 13H15 &#8211; 14H15 (TORONTO ET MONTR\u00c9AL)<\/strong><\/p>\n<p>Choisissez une <strong>CLASSE DE COMP\u00c9TENCES<\/strong><\/p>\n<p><strong>DU LUNDI AU VENDREDI : 14H00 &#8211; 15H00 (VANCOUVER)<\/strong><\/p>\n<p>Choisissez une <strong>CLASSE DE COMP\u00c9TENCES<\/strong><\/p>\n<p><div class=\"clear\"><\/div><\/div> <div class=\"accordion-title\">Horaire de la matin\u00e9e \u00e0 plein temps (24 le\u00e7ons \/ semaine)<span class=\"ac-indicator\"><\/span><\/div><div class=\"pane\"><\/p>\n<p><strong>DU LUNDI AU VENDREDI : 8H30 &#8211; 11H15<\/strong><\/p>\n<p>Choisissez une <strong>CLASSE DE BASE<\/strong><\/p>\n<p><strong>DU LUNDI AU VENDREDI : 23H45 &#8211; 13H00<\/strong><\/p>\n<p>Choisissez une <strong>CLASSE DE COMP\u00c9TENCES<\/strong><\/p>\n<hr \/>\n<p><div class=\"clear\"><\/div><\/div> <div class=\"accordion-title\">Programme d'apr\u00e8s-midi \u00e0 plein temps (24 le\u00e7ons \/ semaine)<span class=\"ac-indicator\"><\/span><\/div><div class=\"pane\"><\/p>\n<p><strong>DU LUNDI AU MERCREDI : 13H15 &#8211; 17H15<\/strong><\/p>\n<p>Choisissez une <strong>CLASSE DE BASE<\/strong><\/p>\n<p><strong>DU JEUDI AU VENDREDI : 13H15 &#8211; 17H15<\/strong><\/p>\n<p>Choisissez une <strong>CLASSE DE COMP\u00c9TENCES<\/strong><\/p>\n<hr \/>\n<p><em>Nouveau calendrier disponible \u00e0 partir du 4 janvier 2021<\/em><\/p>\n<p><div class=\"clear\"><\/div><\/div><\/p>\n<div class=\"accordion-title\">Horaire de la matin\u00e9e \u00e0 temps partiel (17 le\u00e7ons \/ semaine)<span class=\"ac-indicator\"><\/span><\/div><div class=\"pane\"><\/p>\n<p><strong>DU LUNDI AU VENDREDI : 8H30 &#8211; 11H15<\/strong><\/p>\n<p>Choisissez une <strong>CLASSE DE BASE<\/strong><\/p>\n<p><div class=\"clear\"><\/div><\/div>\n<div class=\"accordion-title\">Programme d'apr\u00e8s-midi \u00e0 temps partiel (13 le\u00e7ons \/ semaine)<span class=\"ac-indicator\"><\/span><\/div><div class=\"pane\"><\/p>\n<p><strong>DU LUNDI AU MERCREDI : 13H15 &#8211; 17H15<\/strong><\/p>\n<p>Choisissez une <strong>CLASSE DE BASE<\/strong><\/p>\n<p><div class=\"clear\"><\/div><\/div>\n<p><\/div><\/p>\n<\/div>\n<p>\n<\/div><\/div>\n<div class=\"cta-element\"><h2 class=\"cta-title\">Vous ne savez pas encore quel est le meilleur cours pour vous ?<\/h2><a class=\"button\" href=\"https:\/\/www.canadaedulatino.com\/site\/connect\/\" style=\"background-color:#eb1212\">Contactez-nous !<\/a><\/div>\n<p>&nbsp;<\/p>\n","protected":false},"excerpt":{"rendered":"<p>Rejoignez notre acad\u00e9mie de langues partenaire ILSC et choisissez parmi la large s\u00e9lection de programmes linguistiques que nous avons pour [&hellip;]<\/p>\n","protected":false},"author":1,"featured_media":0,"parent":0,"menu_order":0,"comment_status":"closed","ping_status":"closed","template":"template-full-custom.php","meta":[],"aioseo_notices":[],"_links":{"self":[{"href":"https:\/\/www.canadaedulatino.com\/site\/wp-json\/wp\/v2\/pages\/477"}],"collection":[{"href":"https:\/\/www.canadaedulatino.com\/site\/wp-json\/wp\/v2\/pages"}],"about":[{"href":"https:\/\/www.canadaedulatino.com\/site\/wp-json\/wp\/v2\/types\/page"}],"author":[{"embeddable":true,"href":"https:\/\/www.canadaedulatino.com\/site\/wp-json\/wp\/v2\/users\/1"}],"replies":[{"embeddable":true,"href":"https:\/\/www.canadaedulatino.com\/site\/wp-json\/wp\/v2\/comments?post=477"}],"version-history":[{"count":4,"href":"https:\/\/www.canadaedulatino.com\/site\/wp-json\/wp\/v2\/pages\/477\/revisions"}],"predecessor-version":[{"id":483,"href":"https:\/\/www.canadaedulatino.com\/site\/wp-json\/wp\/v2\/pages\/477\/revisions\/483"}],"wp:attachment":[{"href":"https:\/\/www.canadaedulatino.com\/site\/wp-json\/wp\/v2\/media?parent=477"}],"curies":[{"name":"wp","href":"https:\/\/api.w.org\/{rel}","templated":true}]}}