{"id":30,"date":"2020-12-05T06:39:41","date_gmt":"2020-12-05T06:39:41","guid":{"rendered":"https:\/\/www.canadaeduconsult.com\/site\/?page_id=30"},"modified":"2021-10-03T20:49:37","modified_gmt":"2021-10-04T00:49:37","slug":"home","status":"publish","type":"page","link":"https:\/\/www.canadaedulatino.com\/site\/","title":{"rendered":"home"},"content":{"rendered":"<div class=\"pexeto-recent-posts rp-columns\"><h3 class=\"rp-title\">Articles<\/h3><div class=\"cols-wrapper cols-3\"><div class=\"col rp\"><div class=\"rp-header\"><a href=\"https:\/\/www.canadaedulatino.com\/site\/es\/2022\/02\/06\/e-commerce-and-online-business-management-trebas-montreal\/\"><img src=\"https:\/\/www.canadaedulatino.com\/site\/wp-content\/uploads\/2022\/02\/E-commerce-and-Online-Business-Management-\u2013-Montreal-370x200.jpg\" alt=\"\" \/><\/a><\/div><h4 class=\"rp-post-title\"><a href=\"https:\/\/www.canadaedulatino.com\/site\/es\/2022\/02\/06\/e-commerce-and-online-business-management-trebas-montreal\/\">E-commerce and Online Business Management \u2013 Trebas - Montreal<\/a><\/h4><p>Hacer negocios en l\u00ednea se ha convertido en algo absolutamente esencial para casi todas las organizaciones. Incluso si una empresa [&hellip;]<\/p><a class=\"read-more\" href=\"https:\/\/www.canadaedulatino.com\/site\/es\/2022\/02\/06\/e-commerce-and-online-business-management-trebas-montreal\/\">Read More <span class=\"more-arrow\">&rsaquo;<\/span><\/a><\/div><div class=\"col rp\"><div class=\"rp-header\"><a href=\"https:\/\/www.canadaedulatino.com\/site\/es\/2022\/01\/08\/la-mejor-lista-de-podcasts-para-perfeccionar-tu-nivel-de-ingles\/\"><img src=\"https:\/\/www.canadaedulatino.com\/site\/wp-content\/uploads\/2022\/01\/podcasts-image-cover-370x200.jpg\" alt=\"La mejor lista de Podcasts para perfeccionar tu nivel de ingl\u00e9s.\" \/><\/a><\/div><h4 class=\"rp-post-title\"><a href=\"https:\/\/www.canadaedulatino.com\/site\/es\/2022\/01\/08\/la-mejor-lista-de-podcasts-para-perfeccionar-tu-nivel-de-ingles\/\">La mejor lista de Podcasts para perfeccionar tu nivel de ingl\u00e9s.<\/a><\/h4><p>Aprender ingl\u00e9s no tiene que ser dif\u00edcil ni aburrido. En la lista a continuaci\u00f3n encontrar\u00e1s una serie de podcasts de [&hellip;]<\/p><a class=\"read-more\" href=\"https:\/\/www.canadaedulatino.com\/site\/es\/2022\/01\/08\/la-mejor-lista-de-podcasts-para-perfeccionar-tu-nivel-de-ingles\/\">Read More <span class=\"more-arrow\">&rsaquo;<\/span><\/a><\/div><div class=\"col rp nomargin\"><div class=\"rp-header\"><a href=\"https:\/\/www.canadaedulatino.com\/site\/es\/2021\/07\/02\/beca-de-2000-para-estudiantes-de-america-latina-en-niagara-college\/\"><img src=\"https:\/\/www.canadaedulatino.com\/site\/wp-content\/uploads\/2021\/07\/niagara_scholarship-2-370x200.jpg\" alt=\"Photo by James Wheeler from Pexels\" \/><\/a><\/div><h4 class=\"rp-post-title\"><a href=\"https:\/\/www.canadaedulatino.com\/site\/es\/2021\/07\/02\/beca-de-2000-para-estudiantes-de-america-latina-en-niagara-college\/\">Becas de $2,000 para estudiantes de Am\u00e9rica Latina en Niagara College<\/a><\/h4><p>Niagara College ofrece esta beca a estudiantes internacionales residentes en Am\u00e9rica Latina que hayan sido admitidos en uno de sus [&hellip;]<\/p><a class=\"read-more\" href=\"https:\/\/www.canadaedulatino.com\/site\/es\/2021\/07\/02\/beca-de-2000-para-estudiantes-de-america-latina-en-niagara-college\/\">Read More <span class=\"more-arrow\">&rsaquo;<\/span><\/a><\/div><\/div><\/div>\n<div class=\"section-full-width section-light2 parallax-fixed\" style=\"background-color:#ffffff;\" id=\"whycanada\"><div style=\"background-image:url(https:\/\/www.canadaeduconsult.com\/site\/wp-content\/uploads\/2021\/01\/leaves-5300030_1920.jpg); opacity:0.3; filter: alpha(opacity=30);\" class=\"full-bg-image\" ><\/div><div class=\"section-boxed\" style=\"color:#333333;\"><h2 class=\"section-title\" style=\"color:#252525;\">Why Canada?<\/h2><div class=\"services-wrapper services-icon cols-wrapper cols-4 pexeto-parallax\"><div class=\"services-box col\"><div class=\"img-container\"><img src=\"https:\/\/www.canadaedulatino.com\/site\/wp-content\/uploads\/2021\/01\/languages-w-130x130.png\" alt=\"A bilingual environment\"\/><\/div><div class=\"services-content\"><div class=\"sc-wraper\"><h3>A bilingual environment<\/h3><p>Canada is a bilingual country, which makes studying here an excellent opportunity to develop your language skills and boost your prospects for an interesting career.<\/p><\/div><\/div><\/div><div class=\"services-box col\"><div class=\"img-container\"><img src=\"https:\/\/www.canadaedulatino.com\/site\/wp-content\/uploads\/2021\/01\/global-education-w-130x130.png\" alt=\"World-class education\"\/><\/div><div class=\"services-content\"><div class=\"sc-wraper\"><h3>World-class education<\/h3><p>Canadian college and university diplomas are recognized around the world. Five Canadian universities ranked in the 2018 top 100 for the best universities in the world according to the Times Higher Education World University Ratings.<\/p><\/div><\/div><\/div><div class=\"services-box col\"><div class=\"img-container\"><img src=\"https:\/\/www.canadaedulatino.com\/site\/wp-content\/uploads\/2021\/01\/presentation-w-130x130.png\" alt=\"Gain work experience in Canada after you graduate\"\/><\/div><div class=\"services-content\"><div class=\"sc-wraper\"><h3>Gain work experience in Canada after you graduate<\/h3><p>The Canadian government offers a work program to students who have obtained a diploma from a post-secondary school in Canada and are looking to gain work experience.<\/p><\/div><\/div><\/div><div class=\"services-box col nomargin\"><div class=\"img-container\"><img src=\"https:\/\/www.canadaedulatino.com\/site\/wp-content\/uploads\/2021\/01\/people-w-130x130.png\" alt=\"Have an enriching cultural experience\"\/><\/div><div class=\"services-content\"><div class=\"sc-wraper\"><h3>Have an enriching cultural experience<\/h3><p>Canada has a highly diverse population, resulting in a rich and vibrant cultural scene. From carnivals and festivities to historical landmarks and First Nations culture, Canada offers the best experiences.<\/p><\/div><\/div><\/div><div class=\"clear\"><\/div><\/div>\n<\/div><\/div>\n<div class=\"services-wrapper services-fullbox cols-wrapper cols-4\" style=\"background-color:#000945;color:#ffffff;\"><div class=\"services-box col services-no-image\"><div class=\"services-content\"><div class=\"sc-wraper\"><h3>HOW?<\/h3><p>Follow a simple process of 3 steps<\/p><\/div><\/div><\/div><div class=\"services-box col\"><div class=\"img-container\"><img src=\"https:\/\/www.canadaedulatino.com\/site\/wp-content\/uploads\/2021\/01\/magnifying-33170_1280-468x312.png\" alt=\"Discover\"\/><\/div><div class=\"services-content\"><div class=\"sc-wraper\"><h3>Discover<\/h3><p>Programs in Canada that suits your passion, your dreams, and your desired goals.<\/p><\/div><\/div><\/div><div class=\"services-box col\"><div class=\"img-container\"><img src=\"https:\/\/www.canadaedulatino.com\/site\/wp-content\/uploads\/2021\/01\/apply-now-button-468x312.png\" alt=\"Apply\"\/><\/div><div class=\"services-content\"><div class=\"sc-wraper\"><h3>Apply<\/h3><p>to your desired program and your study permit in Canada.<\/p><\/div><\/div><\/div><div class=\"services-box col nomargin\"><div class=\"img-container\"><img src=\"https:\/\/www.canadaedulatino.com\/site\/wp-content\/uploads\/2021\/01\/suitcases-468x312.png\" alt=\"Prepare\"\/><\/div><div class=\"services-content\"><div class=\"sc-wraper\"><h3>Prepare<\/h3><p>your bags and get ready to travel.<\/p><\/div><\/div><\/div><div class=\"clear\"><\/div><\/div>\n<div class=\"section-full-width section-dark parallax-fixed\" style=\"background-color:#003170;\" id=\"section-1\"><div style=\"background-image:url(https:\/\/www.canadaeduconsult.com\/site\/wp-content\/uploads\/2020\/12\/rnd-logo.png); opacity:0.1; filter: alpha(opacity=10);\" class=\"full-bg-image\" ><\/div><div class=\"section-boxed\" style=\"color:#ffffff;\"><\/p>\n<h1 style=\"font-size: 450%;\">WHY US?<\/h1>\n<p style=\"font-size: 150%;\">Because we already did it, we lived the experience from beginning to end. We know your concerns and understand your fears.<\/p>\n<h2 class=\"white-font\" style=\"font-size: 300%;\">And&#8230;<\/h2>\n<p style=\"font-size: 150%;\">Now <strong>IT&#8217;S YOUR TURN<\/strong> to do it aswell. Let our team accompany you to achieve <strong>YOUR DREAMS<\/strong>.<\/p>\n<h2 style=\"font-size: 300%;\">YOU DESERVE a BRIGHT career<\/h2>\n<ul>\n<li style=\"font-size: 150%;\">Experience what a truly global mindset means.<\/li>\n<li style=\"font-size: 150%;\">Get to know different cultures and nationalities that live in the same place.<\/li>\n<li style=\"font-size: 150%;\">Connect with new people and make friends.<\/li>\n<li style=\"font-size: 150%;\">Enjoy a world-class education.<\/li>\n<\/ul>\n<h2 style=\"text-align: center; font-size: 300%;\">WE WANT YOUR SUCCESS!<\/h2>\n<h2 style=\"text-align: center; font-size: 300%;\">WE WANT YOU TO BE A WORLD CITIZEN!<\/h2>\n<p>&nbsp;<\/p>\n<p>\n<\/div><\/div>\n<div class=\"section-full-width section-light parallax-scroll\" style=\"background-color:#f7f7f7; min-height:450px;\" id=\"section-2\"><div style=\"background-image:url(https:\/\/www.canadaeduconsult.com\/site\/wp-content\/uploads\/2021\/01\/contact-3-backg.jpg); opacity:1; filter: alpha(opacity=100);\" class=\"full-bg-image\" ><\/div><div class=\"section-boxed\" style=\"color:#777777;\"><div class=\"cta-element\"><h2 class=\"cta-title\">Contact Us<\/h2><a class=\"button\" href=\"https:\/\/canadaedulatino.mailchimpsites.com\">Book Now<\/a><\/div>\n<\/div><\/div>\n","protected":false},"excerpt":{"rendered":"","protected":false},"author":1,"featured_media":517,"parent":0,"menu_order":0,"comment_status":"closed","ping_status":"closed","template":"template-full-custom.php","meta":[],"aioseo_notices":[],"_links":{"self":[{"href":"https:\/\/www.canadaedulatino.com\/site\/wp-json\/wp\/v2\/pages\/30"}],"collection":[{"href":"https:\/\/www.canadaedulatino.com\/site\/wp-json\/wp\/v2\/pages"}],"about":[{"href":"https:\/\/www.canadaedulatino.com\/site\/wp-json\/wp\/v2\/types\/page"}],"author":[{"embeddable":true,"href":"https:\/\/www.canadaedulatino.com\/site\/wp-json\/wp\/v2\/users\/1"}],"replies":[{"embeddable":true,"href":"https:\/\/www.canadaedulatino.com\/site\/wp-json\/wp\/v2\/comments?post=30"}],"version-history":[{"count":132,"href":"https:\/\/www.canadaedulatino.com\/site\/wp-json\/wp\/v2\/pages\/30\/revisions"}],"predecessor-version":[{"id":747,"href":"https:\/\/www.canadaedulatino.com\/site\/wp-json\/wp\/v2\/pages\/30\/revisions\/747"}],"wp:featuredmedia":[{"embeddable":true,"href":"https:\/\/www.canadaedulatino.com\/site\/wp-json\/wp\/v2\/media\/517"}],"wp:attachment":[{"href":"https:\/\/www.canadaedulatino.com\/site\/wp-json\/wp\/v2\/media?parent=30"}],"curies":[{"name":"wp","href":"https:\/\/api.w.org\/{rel}","templated":true}]}}